it of i?
0
Suppose -49*r + 48*r + 1717 = 3*q, 3*q - 1702 = -4*r. What is the units digit of q?
4
Suppose -k = 3*j - 2623, 27*j - k - 4385 = 22*j. What is the tens digit of j?
7
Let m(l) = -121*l + 234. What is the units digit of m(-6)?
0
Let r = -18 + 30. Let k be 141/(-9) - (-8)/r. Let b = k + 22. What is the units digit of b?
7
Suppose 4*h - 4*t = t - 29, -2*t + 2 = 0. Let z(a) = -23*a - 63. What is the units digit of z(h)?
5
Suppose 0 = -0*q + q - 9. Let k be (11 - 5)/(q/12). What is the units digit of k + 0 - (-1 - -3)?
6
Suppose 5*r + 0*r = 5*u + 6695, -5*r + 6*u = -6695. What is the hundreds digit of r?
3
Suppose 2*b - 4*b + 6 = 0. Suppose -z + b*z - 6 = 0. Suppose 1 = -z*x + 10. What is the units digit of x?
3
Let w(f) be the first derivative of -31*f**4/2 - f**2/2 - f - 14. Let t be w(-1). Suppose 0 = -4*p + t + 190. What is the tens digit of p?
6
Let u be (-35)/(-2)*(24/(-6))/(-2). Let j = u - 9. What is the units digit of j?
6
Let t(z) = z**3 + 18*z**2 + 19*z + 31. Let m be t(-17). What is the units digit of 52 - (0 + m - -3 - 1)?
3
Suppose m + 3*m = 2*g - 14, 0 = -4*m + 4. What is the units digit of 3/g - (-52)/6?
9
Let d(c) = -7*c**3 - c - 1. Let u be ((-1)/2)/(7/28). Let a be d(u). Suppose 4*o = o + a. What is the units digit of o?
9
Suppose 3*f - 53 = -5. Let n be (180/f)/((-1)/4). Let m = -16 - n. What is the tens digit of m?
2
Let d = 1733 + 1635. What is the tens digit of d?
6
Let f(u) = 2*u**3 + u**2 - 2*u - 1. Let r be f(3). Let g = r + 26. What is the units digit of g?
2
Let w(n) = n**2 + 2*n + 12. Let x be w(-13). Suppose -r - 5*f = -2*f - 31, 5*r - 5*f = x. What is the tens digit of r?
3
Suppose -1136 = 14*n - 18482. What is the tens digit of n?
3
What is the units digit of (-56)/(-12)*(-42)/(-4)?
9
Suppose 4087 = -11*g + 19564. What is the units digit of g?
7
Suppose 84*s - 102*s = -4356. What is the tens digit of s?
4
Let f(u) = u**3 + 22*u**2 - 210*u + 11. What is the tens digit of f(-27)?
3
Suppose 2*v = 23*v - 10626. What is the hundreds digit of v?
5
What is the tens digit of (-292)/((12 + -10)/((-2)/2))?
4
Let m be 11/(3/15 - 4/10). Suppose -3*r - 66 + 342 = 0. Let k = m + r. What is the units digit of k?
7
Let h = 999 + 294. What is the units digit of h?
3
Let k(m) = m - 5. Let l be k(8). Suppose -42 = -l*v + v - 4*q, -4*q = -2*v + 50. What is the tens digit of v?
2
Let h be (-3 - -2)/((-7)/(-42)). Let i = 33 - h. Let z = i + -31. What is the units digit of z?
8
Suppose 5*o + 5*k + 1889 = 5984, 3*k - 821 = -o. What is the tens digit of o?
1
Let m = -21 + 44. Let s(k) = k**3 + 2*k**2 - 9*k + 1. Let f be s(-4). Suppose -f*c = -152 - m. What is the units digit of c?
5
Let r(s) = 192*s**2 - 2*s + 3. What is the tens digit of r(1)?
9
Let s = -174 - -91. Let v = -63 - s. What is the tens digit of v?
2
Let i(z) = 65*z + 265. What is the tens digit of i(17)?
7
Suppose 0 = 5*t - 79 - 106. Let d = t + -79. What is the tens digit of d/(-4)*(3 + -1)?
2
Let r(k) = 2*k**3 + 38*k**2 - 3*k + 36. What is the tens digit of r(-18)?
3
Let a(m) = m**2 + m + 4. Let i be a(0). Suppose 5*u = -i - 46. Let s(q) = q**2 + 7*q + 9. What is the units digit of s(u)?
9
Let x = 25 + -12. What is the units digit of 5 + (x + -3)/5?
7
Let d = 185 - -3970. What is the thousands digit of d?
4
Let h be 6/(-4)*(-40)/15. Suppose d = h*d. Suppose 36 = o - 3*k - d*k, k - 32 = -o. What is the units digit of o?
3
Suppose -21*z - 48*z = -30843. What is the tens digit of z?
4
Suppose 0 = -y, a + 1 + 2 = -5*y. What is the units digit of 3/(a + 6) - -55?
6
Let j(b) = 5 - 3 + 1 + 13*b**3 - 5*b + 10*b**3. What is the tens digit of j(2)?
7
Suppose t = -915 - 141. What is the tens digit of (-12)/(-20) + (t/(-15))/1?
7
Suppose -11180 = -2*d - 41*n + 40*n, 0 = -4*d - n + 22358. What is the hundreds digit of d?
5
Let i(j) = -6*j**2 - 7*j + 1497. What is the tens digit of i(0)?
9
Let c(z) = -z**2 - 4*z + 1. Let t be c(-3). Suppose t*j = -5*o + 3*j + 576, 0 = 2*j - 2. What is the units digit of o?
5
Let y(n) = -3 - 3*n**2 - n**3 + 11*n**2 - 2*n + 3*n. Let w be y(5). Let j = -36 + w. What is the tens digit of j?
4
Suppose 0*y = -2*y + 26. Suppose -4*q = -15 - y. Let f = q + -2. What is the units digit of f?
5
Let l be (12/8)/(9/(-192)). What is the tens digit of ((-8)/(-10))/(l/(-2160))?
5
Suppose 0 = 7*d - 0*d - 14. Suppose 0 = -d*k - 22 + 170. What is the tens digit of k?
7
Suppose 55 = 3*q + w - 3, 0 = -2*w - 4. What is the tens digit of q?
2
Let z = 0 - -6. Suppose z*g = 10*g + 36. What is the tens digit of ((-174)/g)/((-4)/(-6))?
2
What is the units digit of (2 + -69 - 120/20)*-26?
8
Let y = 2 - -2. Suppose a + 3 = 3*a - 3*n, n - 41 = -y*a. What is the tens digit of 12/1*(-5 + a)?
4
Let y = -11 - -3. What is the units digit of (-2)/y + (-237)/(-12)?
0
Let q(b) = -b**3 - 44*b**2 - 55*b + 7. What is the hundreds digit of q(-43)?
5
Let l = 34 + -32. Suppose -l*k - 97 = -3*k. What is the units digit of k?
7
Let b = 39 + -46. Let z(p) = -p**2 - 11*p - 8. What is the units digit of z(b)?
0
Let z(r) = 18*r + 196. What is the hundreds digit of z(27)?
6
Suppose -7695 = -5*w - 5*i, -2*w - 4*i = -0*w - 3084. What is the thousands digit of w?
1
Let v = -26 - 4. Let x be (13*5)/((-15)/v). Suppose -2*k + x = 4*z, -z + k = 3*z - 115. What is the tens digit of z?
3
Let c be (1 - (7 + -5))*(0 - -1). Let a(t) = -193*t**3 - 3*t**2 + 2. What is the tens digit of a(c)?
9
What is the hundreds digit of (-89)/801 + 50150/18?
7
Let p(t) = -4*t**3 - 3*t**2 + 5*t + 8. What is the units digit of p(-6)?
4
Let v(a) = a - 9. Let g be v(11). Suppose 3*h + 0 = -g*o + 19, -2*h + 4*o = -18. What is the units digit of h?
7
Suppose 0 = -3*p - 9 - 27. Let r be (-15 - p) + 1*2. What is the tens digit of 36 - r - (-16)/8?
3
Let x = 288 + 1463. What is the units digit of x?
1
Suppose -4*p + 44 = -3*p + 4*s, 2*p + 5*s = 82. What is the units digit of (1 - (-1734)/p) + (-2)/12?
9
Let g(k) be the third derivative of k**4/8 + 2*k**3/3 + 183*k**2. Let b = 6 + 3. What is the tens digit of g(b)?
3
What is the thousands digit of ((-2056)/(-5))/(126/30 + -4)?
2
Let r = -24 - -27. Suppose -4 = n - 5*n, 0 = 2*g - r*n - 47. What is the units digit of g?
5
Suppose 36*u - 146561 - 4783 = 0. What is the tens digit of u?
0
What is the tens digit of 7773/9 + ((-96)/18)/8?
6
Suppose 10*n - 4*n - 276 = 0. Let w = -7 + n. What is the units digit of w?
9
Let w = 1347 - 1207. What is the hundreds digit of w?
1
Let m = 15 + -11. Let b(q) = -q + 7. Let c be b(m). Suppose z - 19 = v, v + c - 4 = 0. What is the tens digit of z?
2
Suppose 3*d - 7 = -67. Let u be d/70 - (-388)/(-14). Let p = 27 - u. What is the units digit of p?
5
Let n(w) = -w**2 - 12*w - 17. Let s be n(-12). Let t = s + 17. Suppose 0*y = 2*f + y - 40, t = 3*f + y - 59. What is the units digit of f?
9
What is the hundreds digit of (3950/(-474))/(2/(-624))?
6
Let j = 14 - -36. Suppose f - 32 = 3*i, -i = 5*f - j - 62. What is the tens digit of f?
2
Let v(n) = -n**2 - 8*n - 1. Let b be v(-8). Let t = b + 50. Suppose 4*x - 30 = 5*u + 4, 3*u + t = 5*x. What is the units digit of x?
1
Let z(g) = 3*g**2 - 6*g + 13. Let i be z(-9). Let t = i + -170. Suppose t = 7*w - 2*w. What is the tens digit of w?
2
Let a = 33 - 30. Suppose 0 = -5*d - a*g + 247, 0*d - 2*d - 4*g + 110 = 0. What is the units digit of d?
7
Suppose -13666 = -35*y + 13914. What is the units digit of y?
8
Suppose -3*h - 7 = x - 3, -4*x = 3*h + 7. Let b be h*(-1)/(-2)*0. Suppose -q - 2*m + 22 = b, m = q - 10 + 3. What is the units digit of q?
2
Let j(q) = 134*q + 18. What is the tens digit of j(2)?
8
Let g be (1 + 2 + -5)*-2 - -881. Suppose -g = -9*j - 219. What is the units digit of j?
4
Let f(x) = -x**2 - x - 2. Let k be f(-2). Let j = 8 + k. Suppose -40 = j*u - 116. What is the tens digit of u?
1
Let m(b) = -b**3 - 2*b - 104. What is the thousands digit of m(-13)?
2
Let i be (4/(-5))/(13/(-130)). Suppose -3*p = -i*p - 2*h + 582, 3*h = 3. What is the hundreds digit of p?
1
Suppose f + 0*s = s - 11, f + 17 = 3*s. Let h = f - -10. Suppose 2*x + 2*o = 34, 3*o - 54 = -h*x + 5*o. What is the tens digit of x?
2
Let y = -1 - 2. What is the units digit of ((-1)/(-2) + 1)/(y/(-6))?
3
Suppose -110829 = -53*z + 48542. What is the tens digit of z?
0
Let h = 406 - -1403. What is the thousands digit of h?
1
Let g(s) = 